{"id":2087,"date":"2026-04-29T21:15:09","date_gmt":"2026-04-29T19:15:09","guid":{"rendered":"https:\/\/senioren-orchester.ch\/?page_id=2087"},"modified":"2026-04-30T15:10:19","modified_gmt":"2026-04-30T13:10:19","slug":"musikalische-leitung","status":"publish","type":"page","link":"https:\/\/senioren-orchester.ch\/?page_id=2087","title":{"rendered":"Musikalische Leitung"},"content":{"rendered":"<p><span style=\"font-family: helvetica, arial, sans-serif; font-size: 20pt;\">Dirigent: Leo Gschwend<\/span><\/p>\n\n<blockquote>\n<p><span style=\"font-family: helvetica, arial, sans-serif;\">Leo Gschwend ,1952 in Arbon geboren, studierte am Konservatorium Z\u00fcrich \u00abVioline\u00bb und an der Hochschule f\u00fcr Musik in Wien \u00abVioline und Dirigieren\u00bb. <br \/>Von 1979 bis 1987 war er st\u00e4ndiges Mitglied des Sinfonieorchesters St. Gallen. 1987 bis 2018 leitete er mit viel Herzblut und sehr erfolgreich die Musikschule<br \/>Arbon, wo er gleichzeitig auch Violine und Viola unterrichtete.<\/span><\/p>\n<p><span style=\"font-family: helvetica, arial, sans-serif;\">Das weit herum bekannte \u00abSinfonische Orchester Arbon\u00bb leitet Leo Gschwend seit 1987und die \u00abArboner S\u00e4nger\u00bb seit 2011.<\/span><\/p>\n<p><span style=\"font-family: helvetica, arial, sans-serif;\">Mit grossem Engagement dirigiert Leo Gschwend seit 2024 unser \u00abSenioren Orchester St.Gallen\u00bb. Er versteht es, die Mitspielenden zu motivieren und zu guten Leistungen zu f\u00fchren. Wir alle profitieren in den stets gut vorbereiteten Proben von seinem breiten Wissen und seinem tiefen Verst\u00e4ndnis f\u00fcr die Musik.<\/span><\/p>\n<\/blockquote>\n\n\n<p><\/p>\n","protected":false},"excerpt":{"rendered":"<p>Dirigent: Leo Gschwend Leo Gschwend ,1952 in Arbon geboren, studierte am Konservatorium Z\u00fcrich \u00abVioline\u00bb und an der Hochschule f\u00fcr Musik in Wien \u00abVioline und Dirigieren\u00bb. Von 1979 bis 1987 war er st\u00e4ndiges Mitglied des Sinfonieorchesters St. Gallen. 1987 bis 2018 leitete er mit viel Herzblut und sehr erfolgreich die MusikschuleArbon, wo er gleichzeitig auch Violine [&hellip;]<\/p>\n","protected":false},"author":1,"featured_media":0,"parent":27,"menu_order":1,"comment_status":"closed","ping_status":"closed","template":"","meta":{"footnotes":""},"class_list":["post-2087","page","type-page","status-publish","hentry"],"_links":{"self":[{"href":"https:\/\/senioren-orchester.ch\/index.php?rest_route=\/wp\/v2\/pages\/2087","targetHints":{"allow":["GET"]}}],"collection":[{"href":"https:\/\/senioren-orchester.ch\/index.php?rest_route=\/wp\/v2\/pages"}],"about":[{"href":"https:\/\/senioren-orchester.ch\/index.php?rest_route=\/wp\/v2\/types\/page"}],"author":[{"embeddable":true,"href":"https:\/\/senioren-orchester.ch\/index.php?rest_route=\/wp\/v2\/users\/1"}],"replies":[{"embeddable":true,"href":"https:\/\/senioren-orchester.ch\/index.php?rest_route=%2Fwp%2Fv2%2Fcomments&post=2087"}],"version-history":[{"count":17,"href":"https:\/\/senioren-orchester.ch\/index.php?rest_route=\/wp\/v2\/pages\/2087\/revisions"}],"predecessor-version":[{"id":2122,"href":"https:\/\/senioren-orchester.ch\/index.php?rest_route=\/wp\/v2\/pages\/2087\/revisions\/2122"}],"up":[{"embeddable":true,"href":"https:\/\/senioren-orchester.ch\/index.php?rest_route=\/wp\/v2\/pages\/27"}],"wp:attachment":[{"href":"https:\/\/senioren-orchester.ch\/index.php?rest_route=%2Fwp%2Fv2%2Fmedia&parent=2087"}],"curies":[{"name":"wp","href":"https:\/\/api.w.org\/{rel}","templated":true}]}}